{"id":865,"date":"2021-09-10T13:16:05","date_gmt":"2021-09-10T11:16:05","guid":{"rendered":"https:\/\/www.selinastase.fi\/?page_id=865"},"modified":"2023-03-20T15:30:30","modified_gmt":"2023-03-20T13:30:30","slug":"kurssit","status":"publish","type":"page","link":"https:\/\/www.selinastase.fi\/?page_id=865","title":{"rendered":"TAPAHTUMAT"},"content":{"rendered":"\n<p>Kokemukset ja el\u00e4mykset luovat ihania muistoja. J\u00e4rjest\u00e4n tilauksesta ryhmille (polttarit, yst\u00e4vykset, kollegat tms.) rentoutumista ja luovaa tekemist\u00e4 sis\u00e4lt\u00e4vi\u00e4 iltoja\/ iltap\u00e4ivi\u00e4, esim. ohjattu syv\u00e4rentoutus ja intuitiivinen maalaus. Olen ammattiopettaja koulutukselta, joten erilaisten kokonaisuuksien luominen, ohjaaminen ja j\u00e4rjest\u00e4minen on tuttua ja mieluisaa. Kysy rohkeasti, niin suunnitellaan yhdess\u00e4 juuri teid\u00e4n n\u00e4k\u00f6inen tapahtuma.<\/p>\n\n\n\n<hr class=\"wp-block-separator has-css-opacity\"\/>\n\n\n\n<p>Kiitos kaikille ihanille kohtaamisille <a href=\"https:\/\/www.rajatieto.fi\/hengen-ja-tiedon-messut\/\">Hengen ja Tiedon messuilla<\/a> Helsingiss\u00e4 lokakuussa. Uusien kontaktien my\u00f6t\u00e4 p\u00e4\u00e4sin toteuttamaan ison sein\u00e4maalauksen asiakkaan ty\u00f6huoneelle Lappeenrannassa ja pidin rumpukurssin. Kuvia molemmista IG:ss\u00e4. <\/p>\n\n\n\n<p>Luomisen ilo ja onni oman k\u00e4denj\u00e4ljen kokemisesta yll\u00e4tt\u00e4\u00e4 joka kerta. L\u00e4sn\u00e4oleva lempeys omaa tekemist\u00e4 kohtaan sallii keskener\u00e4isyyden, ja ottaa ilolla vastaan upeat sattumat ja vahingot. Wau, mik\u00e4 v\u00e4rien, muotojen ja miljoonien mahdollisuuksien pl\u00e4j\u00e4ys!<\/p>\n\n\n\n<p><\/p>\n\n\n\n<div class=\"wp-block-columns is-layout-flex wp-container-core-columns-is-layout-9d6595d7 wp-block-columns-is-layout-flex\">\n<div class=\"wp-block-column is-layout-flow wp-block-column-is-layout-flow\" style=\"flex-basis:100%\">\n<figure class=\"wp-block-image size-large is-style-default\"><img loading=\"lazy\" decoding=\"async\" width=\"927\" height=\"1024\" src=\"https:\/\/www.selinastase.fi\/wp-content\/uploads\/2022\/10\/Untitled_Artwork-6-927x1024.png\" alt=\"\" class=\"wp-image-1397\" srcset=\"https:\/\/www.selinastase.fi\/wp-content\/uploads\/2022\/10\/Untitled_Artwork-6-927x1024.png 927w, https:\/\/www.selinastase.fi\/wp-content\/uploads\/2022\/10\/Untitled_Artwork-6-272x300.png 272w, https:\/\/www.selinastase.fi\/wp-content\/uploads\/2022\/10\/Untitled_Artwork-6-768x848.png 768w, https:\/\/www.selinastase.fi\/wp-content\/uploads\/2022\/10\/Untitled_Artwork-6.png 1181w\" sizes=\"auto, (max-width: 767px) 89vw, (max-width: 1000px) 54vw, (max-width: 1071px) 543px, 580px\" \/><figcaption class=\"wp-element-caption\">Myynniss\u00e4 Aallotar-rumpu. Halkaisija 45cm, 12cm korkea.<\/figcaption><\/figure>\n<\/div>\n<\/div>\n\n\n\n<figure class=\"wp-block-gallery has-nested-images columns-default is-cropped wp-block-gallery-1 is-layout-flex wp-block-gallery-is-layout-flex\">\n<figure class=\"wp-block-image size-large is-style-default\"><img loading=\"lazy\" decoding=\"async\" width=\"683\" height=\"1024\" data-id=\"1302\" src=\"https:\/\/www.selinastase.fi\/wp-content\/uploads\/2022\/05\/IMG_0371-683x1024.png\" alt=\"\" class=\"wp-image-1302\" srcset=\"https:\/\/www.selinastase.fi\/wp-content\/uploads\/2022\/05\/IMG_0371-683x1024.png 683w, https:\/\/www.selinastase.fi\/wp-content\/uploads\/2022\/05\/IMG_0371-200x300.png 200w, https:\/\/www.selinastase.fi\/wp-content\/uploads\/2022\/05\/IMG_0371-768x1152.png 768w, https:\/\/www.selinastase.fi\/wp-content\/uploads\/2022\/05\/IMG_0371-1024x1536.png 1024w, https:\/\/www.selinastase.fi\/wp-content\/uploads\/2022\/05\/IMG_0371.png 1200w\" sizes=\"auto, (max-width: 683px) 100vw, 683px\" \/><\/figure>\n<\/figure>\n\n\n\n<figure class=\"wp-block-gallery has-nested-images columns-default is-cropped wp-block-gallery-2 is-layout-flex wp-block-gallery-is-layout-flex\">\n<figure class=\"wp-block-image size-large is-style-default\"><img loading=\"lazy\" decoding=\"async\" width=\"1024\" height=\"1024\" data-id=\"1128\" src=\"https:\/\/www.selinastase.fi\/wp-content\/uploads\/2022\/01\/3C208517-AC19-4F6B-A90B-949C9F5A1683-1024x1024.png\" alt=\"\" class=\"wp-image-1128\" srcset=\"https:\/\/www.selinastase.fi\/wp-content\/uploads\/2022\/01\/3C208517-AC19-4F6B-A90B-949C9F5A1683-1024x1024.png 1024w, https:\/\/www.selinastase.fi\/wp-content\/uploads\/2022\/01\/3C208517-AC19-4F6B-A90B-949C9F5A1683-300x300.png 300w, https:\/\/www.selinastase.fi\/wp-content\/uploads\/2022\/01\/3C208517-AC19-4F6B-A90B-949C9F5A1683-150x150.png 150w, https:\/\/www.selinastase.fi\/wp-content\/uploads\/2022\/01\/3C208517-AC19-4F6B-A90B-949C9F5A1683-768x768.png 768w, https:\/\/www.selinastase.fi\/wp-content\/uploads\/2022\/01\/3C208517-AC19-4F6B-A90B-949C9F5A1683-1536x1536.png 1536w, https:\/\/www.selinastase.fi\/wp-content\/uploads\/2022\/01\/3C208517-AC19-4F6B-A90B-949C9F5A1683-2048x2048.png 2048w, https:\/\/www.selinastase.fi\/wp-content\/uploads\/2022\/01\/3C208517-AC19-4F6B-A90B-949C9F5A1683-100x100.png 100w\" sizes=\"auto, (max-width: 767px) 89vw, (max-width: 1000px) 54vw, (max-width: 1071px) 543px, 580px\" \/><\/figure>\n\n\n\n<figure class=\"wp-block-image size-large\"><img loading=\"lazy\" decoding=\"async\" width=\"821\" height=\"1024\" data-id=\"1270\" src=\"https:\/\/www.selinastase.fi\/wp-content\/uploads\/2022\/05\/92582842-6EB6-49D9-AA4B-8641BB686175-821x1024.jpeg\" alt=\"\" class=\"wp-image-1270\" srcset=\"https:\/\/www.selinastase.fi\/wp-content\/uploads\/2022\/05\/92582842-6EB6-49D9-AA4B-8641BB686175-821x1024.jpeg 821w, https:\/\/www.selinastase.fi\/wp-content\/uploads\/2022\/05\/92582842-6EB6-49D9-AA4B-8641BB686175-241x300.jpeg 241w, https:\/\/www.selinastase.fi\/wp-content\/uploads\/2022\/05\/92582842-6EB6-49D9-AA4B-8641BB686175-768x957.jpeg 768w, https:\/\/www.selinastase.fi\/wp-content\/uploads\/2022\/05\/92582842-6EB6-49D9-AA4B-8641BB686175-1232x1536.jpeg 1232w, https:\/\/www.selinastase.fi\/wp-content\/uploads\/2022\/05\/92582842-6EB6-49D9-AA4B-8641BB686175.jpeg 1440w\" sizes=\"auto, (max-width: 767px) 89vw, (max-width: 1000px) 54vw, (max-width: 1071px) 543px, 580px\" \/><\/figure>\n\n\n\n<figure class=\"wp-block-image size-large\"><img loading=\"lazy\" decoding=\"async\" width=\"819\" height=\"1024\" data-id=\"1271\" src=\"https:\/\/www.selinastase.fi\/wp-content\/uploads\/2022\/05\/31F68733-3195-4B54-8AD7-49B73995B670-819x1024.jpeg\" alt=\"\" class=\"wp-image-1271\" srcset=\"https:\/\/www.selinastase.fi\/wp-content\/uploads\/2022\/05\/31F68733-3195-4B54-8AD7-49B73995B670-819x1024.jpeg 819w, https:\/\/www.selinastase.fi\/wp-content\/uploads\/2022\/05\/31F68733-3195-4B54-8AD7-49B73995B670-240x300.jpeg 240w, https:\/\/www.selinastase.fi\/wp-content\/uploads\/2022\/05\/31F68733-3195-4B54-8AD7-49B73995B670-768x960.jpeg 768w, https:\/\/www.selinastase.fi\/wp-content\/uploads\/2022\/05\/31F68733-3195-4B54-8AD7-49B73995B670-1229x1536.jpeg 1229w, https:\/\/www.selinastase.fi\/wp-content\/uploads\/2022\/05\/31F68733-3195-4B54-8AD7-49B73995B670.jpeg 1440w\" sizes=\"auto, (max-width: 767px) 89vw, (max-width: 1000px) 54vw, (max-width: 1071px) 543px, 580px\" \/><\/figure>\n<figcaption class=\"blocks-gallery-caption wp-element-caption\">V\u00e4rien virtaus<\/figcaption><\/figure>\n\n\n\n<p>Luovuutta her\u00e4teltiin kolmen yst\u00e4v\u00e4n iltatapahtumassa. Aluksi rumpurentoutus, sitten kvanttihypnoosimatka ryhm\u00e4lle ja lopuksi intuitiivinen maalaus aiheesta &#8220;el\u00e4m\u00e4npuu&#8221;<\/p>\n\n\n\n<p>Kokoa oma ryhm\u00e4 ja ota yhteytt\u00e4! Kurssit onnistuvat hyvin my\u00f6s viikonloppuisin.<\/p>\n","protected":false},"excerpt":{"rendered":"<p>Kokemukset ja el\u00e4mykset luovat ihania muistoja. J\u00e4rjest\u00e4n tilauksesta ryhmille (polttarit, yst\u00e4vykset, kollegat tms.) rentoutumista ja luovaa tekemist\u00e4 sis\u00e4lt\u00e4vi\u00e4 iltoja\/ iltap\u00e4ivi\u00e4, esim. ohjattu syv\u00e4rentoutus ja intuitiivinen maalaus. Olen ammattiopettaja koulutukselta, joten erilaisten kokonaisuuksien luominen, ohjaaminen ja j\u00e4rjest\u00e4minen on tuttua ja mieluisaa. Kysy rohkeasti, niin suunnitellaan yhdess\u00e4 juuri teid\u00e4n n\u00e4k\u00f6inen tapahtuma. Kiitos kaikille ihanille kohtaamisille Hengen ja &hellip; <\/p>\n<p class=\"link-more\"><a href=\"https:\/\/www.selinastase.fi\/?page_id=865\" class=\"more-link\">Continue reading<span class=\"screen-reader-text\"> &#8220;TAPAHTUMAT&#8221;<\/span><\/a><\/p>\n","protected":false},"author":1,"featured_media":0,"parent":0,"menu_order":0,"comment_status":"closed","ping_status":"closed","template":"","meta":{"footnotes":""},"class_list":["post-865","page","type-page","status-publish","hentry"],"_links":{"self":[{"href":"https:\/\/www.selinastase.fi\/index.php?rest_route=\/wp\/v2\/pages\/865","targetHints":{"allow":["GET"]}}],"collection":[{"href":"https:\/\/www.selinastase.fi\/index.php?rest_route=\/wp\/v2\/pages"}],"about":[{"href":"https:\/\/www.selinastase.fi\/index.php?rest_route=\/wp\/v2\/types\/page"}],"author":[{"embeddable":true,"href":"https:\/\/www.selinastase.fi\/index.php?rest_route=\/wp\/v2\/users\/1"}],"replies":[{"embeddable":true,"href":"https:\/\/www.selinastase.fi\/index.php?rest_route=%2Fwp%2Fv2%2Fcomments&post=865"}],"version-history":[{"count":20,"href":"https:\/\/www.selinastase.fi\/index.php?rest_route=\/wp\/v2\/pages\/865\/revisions"}],"predecessor-version":[{"id":1437,"href":"https:\/\/www.selinastase.fi\/index.php?rest_route=\/wp\/v2\/pages\/865\/revisions\/1437"}],"wp:attachment":[{"href":"https:\/\/www.selinastase.fi\/index.php?rest_route=%2Fwp%2Fv2%2Fmedia&parent=865"}],"curies":[{"name":"wp","href":"https:\/\/api.w.org\/{rel}","templated":true}]}}